{"id":8,"date":"2023-03-23T11:58:21","date_gmt":"2023-03-23T10:58:21","guid":{"rendered":"https:\/\/fotigesz.hu\/?page_id=8"},"modified":"2026-01-14T15:35:33","modified_gmt":"2026-01-14T14:35:33","slug":"rolunk","status":"publish","type":"page","link":"https:\/\/fotigesz.hu\/?page_id=8","title":{"rendered":"R\u00f3lunk"},"content":{"rendered":"\n<p>2018 janu\u00e1r 1-t\u0151l a F\u00f3ti Gesz \u00e1tveszi a k\u00f6zponti konyha \u00fczemeltet\u00e9s\u00e9t. A konyha e-mail c\u00edme \u00e9s telefonsz\u00e1ma v\u00e1ltozatlan.\u00a0<br>C\u00edme: 2151 F\u00f3t, Szent Benedek u. 9- 11.<br>Email c\u00edme: <a href=\"mailto:konyha.fotigesz@gmail.com\">konyha.fotigesz@gmail.com<\/a> <br>Telefonsz\u00e1ma: 0627\/360-465<\/p>\n\n\n\n<p>Szervezet\u00fcnkr\u0151l<\/p>\n\n\n\n<p>A F\u00f3ti Gazdas\u00e1gi Ell\u00e1t\u00f3 Szervezet 2013. m\u00e1rcius 1-j\u00e9vel kezdte meg m\u0171k\u00f6d\u00e9s\u00e9t. Feladata a Klebelsberg Int\u00e9zm\u00e9nyfenntart\u00f3 K\u00f6zpont \u00e1ltal fenntartott f\u00f3ti k\u00f6znevel\u00e9si int\u00e9zm\u00e9nyek m\u0171k\u00f6dtet\u00e9se, \u00e9s a v\u00e1ros \u00f6n\u00e1ll\u00f3an m\u0171k\u00f6d\u0151 k\u00f6lts\u00e9gvet\u00e9si szervei gazd\u00e1lkod\u00e1si feladatainak ell\u00e1t\u00e1sa a K\u00e9pvisel\u0151-test\u00fclet \u00e1ltal j\u00f3v\u00e1hagyott Feladat-ell\u00e1t\u00e1si szerz\u0151d\u00e9s \u00e9s Munkamegoszt\u00e1si meg\u00e1llapod\u00e1s alapj\u00e1n.<\/p>\n\n\n\n<p>C\u00e9lunk:<\/p>\n\n\n\n<ul class=\"wp-block-list\">\n<li>az int\u00e9zm\u00e9nyek gazd\u00e1lkod\u00e1s\u00e1nak jogszab\u00e1lyszer\u0171 dokument\u00e1l\u00e1sa, a besz\u00e1mol\u00f3k \u00e9s bevall\u00e1sok pontos, hat\u00e1rid\u0151re t\u00f6rt\u00e9n\u0151 elk\u00e9sz\u00edt\u00e9se,<\/li>\n\n\n\n<li>az \u00e9p\u00fcletek \u00e9s eszk\u00f6z\u00f6k rendeltet\u00e9sszer\u0171 \u00e1llapot\u00e1nak fenntart\u00e1sa \u00e9s jav\u00edt\u00e1sa, a k\u00f6telez\u0151 fel\u00fclvizsg\u00e1latok nyomon k\u00f6vet\u00e9se, int\u00e9zked\u00e9s a felt\u00e1rt hi\u00e1nyoss\u00e1gok megsz\u00fcntet\u00e9s\u00e9re,<\/li>\n\n\n\n<li>seg\u00edts\u00e9g az int\u00e9zm\u00e9nyek saj\u00e1toss\u00e1gainak megfelel\u0151 m\u0171k\u00f6dtet\u00e9s lebonyol\u00edt\u00e1s\u00e1ban.<\/li>\n<\/ul>\n","protected":false},"excerpt":{"rendered":"<p>2018 janu\u00e1r 1-t\u0151l a F\u00f3ti Gesz \u00e1tveszi a k\u00f6zponti konyha \u00fczemeltet\u00e9s\u00e9t. A konyha e-mail c\u00edme \u00e9s telefonsz\u00e1ma v\u00e1ltozatlan.\u00a0C\u00edme: 2151 F\u00f3t, Szent Benedek u. 9- 11.Email c\u00edme: konyha.fotigesz@gmail.com Telefonsz\u00e1ma: 0627\/360-465 Szervezet\u00fcnkr\u0151l A F\u00f3ti Gazdas\u00e1gi Ell\u00e1t\u00f3 Szervezet 2013. m\u00e1rcius 1-j\u00e9vel kezdte meg m\u0171k\u00f6d\u00e9s\u00e9t. Feladata a Klebelsberg Int\u00e9zm\u00e9nyfenntart\u00f3 K\u00f6zpont \u00e1ltal fenntartott f\u00f3ti k\u00f6znevel\u00e9si int\u00e9zm\u00e9nyek m\u0171k\u00f6dtet\u00e9se, \u00e9s a v\u00e1ros [&hellip;]<\/p>\n","protected":false},"author":1,"featured_media":0,"parent":0,"menu_order":0,"comment_status":"closed","ping_status":"closed","template":"","meta":{"footnotes":""},"class_list":["post-8","page","type-page","status-publish","hentry","post-preview"],"_links":{"self":[{"href":"https:\/\/fotigesz.hu\/index.php?rest_route=\/wp\/v2\/pages\/8","targetHints":{"allow":["GET"]}}],"collection":[{"href":"https:\/\/fotigesz.hu\/index.php?rest_route=\/wp\/v2\/pages"}],"about":[{"href":"https:\/\/fotigesz.hu\/index.php?rest_route=\/wp\/v2\/types\/page"}],"author":[{"embeddable":true,"href":"https:\/\/fotigesz.hu\/index.php?rest_route=\/wp\/v2\/users\/1"}],"replies":[{"embeddable":true,"href":"https:\/\/fotigesz.hu\/index.php?rest_route=%2Fwp%2Fv2%2Fcomments&post=8"}],"version-history":[{"count":3,"href":"https:\/\/fotigesz.hu\/index.php?rest_route=\/wp\/v2\/pages\/8\/revisions"}],"predecessor-version":[{"id":499,"href":"https:\/\/fotigesz.hu\/index.php?rest_route=\/wp\/v2\/pages\/8\/revisions\/499"}],"wp:attachment":[{"href":"https:\/\/fotigesz.hu\/index.php?rest_route=%2Fwp%2Fv2%2Fmedia&parent=8"}],"curies":[{"name":"wp","href":"https:\/\/api.w.org\/{rel}","templated":true}]}}

Rólunk

<p>2018 január 1-től a Fóti Gesz átveszi a központi konyha üzemeltetését. A konyha e-mail címe és telefonszáma változatlan. <br>Címe: 2151 Fót, Szent Benedek u. 9- 11.<br>Email címe: <a href="mailto:konyha.fotigesz@gmail.com">konyha.fotigesz@gmail.com</a> <br>Telefonszáma: 0627/360-465</p>



<p>Szervezetünkről</p>



<p>A Fóti Gazdasági Ellátó Szervezet 2013. március 1-jével kezdte meg működését. Feladata a Klebelsberg Intézményfenntartó Központ által fenntartott fóti köznevelési intézmények működtetése, és a város önállóan működő költségvetési szervei gazdálkodási feladatainak ellátása a Képviselő-testület által jóváhagyott Feladat-ellátási szerződés és Munkamegosztási megállapodás alapján.</p>



<p>Célunk:</p>



<ul class="wp-block-list">
<li>az intézmények gazdálkodásának jogszabályszerű dokumentálása, a beszámolók és bevallások pontos, határidőre történő elkészítése,</li>



<li>az épületek és eszközök rendeltetésszerű állapotának fenntartása és javítása, a kötelező felülvizsgálatok nyomon követése, intézkedés a feltárt hiányosságok megszüntetésére,</li>



<li>segítség az intézmények sajátosságainak megfelelő működtetés lebonyolításában.</li>
</ul>

<p>2018 január 1-től a Fóti Gesz átveszi a központi konyha üzemeltetését. A konyha e-mail címe és telefonszáma változatlan. Címe: 2151 Fót, Szent Benedek u. 9- 11.Email címe: konyha.fotigesz@gmail.com Telefonszáma: 0627/360-465 Szervezetünkről A Fóti Gazdasági Ellátó Szervezet 2013. március 1-jével kezdte meg működését. Feladata a Klebelsberg Intézményfenntartó Központ által fenntartott fóti köznevelési intézmények működtetése, és a város [&hellip;]</p>
