{"id":14,"date":"2023-03-23T11:58:21","date_gmt":"2023-03-23T10:58:21","guid":{"rendered":"https:\/\/fotigesz.hu\/?page_id=14"},"modified":"2026-01-14T15:37:43","modified_gmt":"2026-01-14T14:37:43","slug":"szabalyzatok","status":"publish","type":"page","link":"https:\/\/fotigesz.hu\/?page_id=14","title":{"rendered":"Szab\u00e1lyzatok"},"content":{"rendered":"\n<p>Szervezeti \u00e9s M\u0171k\u00f6d\u00e9si Szab\u00e1lyzat &#8211; F\u00f3ti Gazdas\u00e1gi Ell\u00e1t\u00f3 szervezet<\/p>\n\n\n\n<p><a href=\"https:\/\/fotigesz.hu\/wp-content\/uploads\/2026\/01\/Szervezeti-es-Mukodesi-Szabalyzat-\u2013-Foti-Gazdasagi-Ellato-szervezet.pdf\">Megtekint\u00e9shez klikkeljen ide!<\/a><\/p>\n\n\n\n<hr class=\"wp-block-separator has-alpha-channel-opacity\"\/>\n\n\n\n<p>Gazd\u00e1lkod\u00e1si Szab\u00e1lyzat 2025 &#8211; F\u00f3ti Gazdas\u00e1gi Ell\u00e1t\u00f3 szervezet<\/p>\n\n\n\n<p><a href=\"https:\/\/fotigesz.hu\/wp-content\/uploads\/2025\/05\/Foti_GESZ_Gazdalkodasi_szabalyzata_20250401_.pdf\">Megtekint\u00e9shez klikkeljen ide!<\/a><\/p>\n\n\n\n<hr class=\"wp-block-separator has-alpha-channel-opacity\"\/>\n\n\n\n<p>Sz\u00e1mviteli politika 2025 &#8211; F\u00f3ti Gazdas\u00e1gi Ell\u00e1t\u00f3 szervezet<\/p>\n\n\n\n<p><a href=\"https:\/\/fotigesz.hu\/wp-content\/uploads\/2026\/01\/Szamviteli-politika-2025-\u2013-Foti-Gazdasagi-Ellato-szervezet.pdf\">Megtekint\u00e9shez klikkeljen ide!<\/a><\/p>\n\n\n\n<hr class=\"wp-block-separator has-alpha-channel-opacity\"\/>\n\n\n\n<p>Sz\u00e1mlarend 2025 &#8211; F\u00f3ti Gazdas\u00e1gi Ell\u00e1t\u00f3 szervezet<\/p>\n\n\n\n<p><a href=\"https:\/\/fotigesz.hu\/wp-content\/uploads\/2025\/05\/Foti_GESZ_Szamlarend_20250401_.pdf\">Megtekint\u00e9shez klikkeljen ide!<\/a><\/p>\n\n\n\n<hr class=\"wp-block-separator has-alpha-channel-opacity\"\/>\n\n\n\n<p>P\u00e9nzkezel\u00e9si szab\u00e1lyzat 2025 &#8211; F\u00f3ti Gazdas\u00e1gi Ell\u00e1t\u00f3 szervezet<\/p>\n\n\n\n<p><a href=\"https:\/\/fotigesz.hu\/wp-content\/uploads\/2025\/05\/Foti_GESZ_Penzkezelesi_szabalyzata_20250401_.pdf\">Megtekint\u00e9shez klikkeljen ide!<\/a><\/p>\n\n\n\n<hr class=\"wp-block-separator has-alpha-channel-opacity\"\/>\n\n\n\n<p>Lelt\u00e1roz\u00e1si Szab\u00e1lyzat 2025 &#8211; F\u00f3ti Gazdas\u00e1gi Ell\u00e1t\u00f3 szervezet<\/p>\n\n\n\n<p><a href=\"https:\/\/fotigesz.hu\/wp-content\/uploads\/2025\/05\/Foti_GESZ_Eszkozok_es_forrasok_leltarozasi_es_leltarkeszitesi_szabalyzata_20250401_.pdf\">Megtekint\u00e9shez klikkeljen ide!<\/a><\/p>\n\n\n\n<hr class=\"wp-block-separator has-alpha-channel-opacity\"\/>\n\n\n\n<p>Eszk\u00f6z\u00f6k \u00e9s forr\u00e1sok \u00e9rt\u00e9kel\u00e9si szab\u00e1lyzat 2025&nbsp;&#8211; F\u00f3ti Gazdas\u00e1gi Ell\u00e1t\u00f3 szervezet<\/p>\n\n\n\n<p><a href=\"https:\/\/fotigesz.hu\/wp-content\/uploads\/2026\/01\/Eszkozok-es-forrasok-ertekelesi-szabalyzat-2025-\u2013-Foti-Gazdasagi-Ellato-szervezet.pdf\">Megtekint\u00e9shez klikkeljen ide!<\/a><\/p>\n\n\n\n<hr class=\"wp-block-separator has-alpha-channel-opacity\"\/>\n\n\n\n<p>\u00d6nkolts\u00e9gsz\u00e1m\u00edt\u00e1si&nbsp;Szab\u00e1lyzat&nbsp;2025 &#8211; F\u00f3ti Gazdas\u00e1gi Ell\u00e1t\u00f3 szervezet<\/p>\n\n\n\n<p><a href=\"https:\/\/fotigesz.hu\/wp-content\/uploads\/2025\/05\/Foti_GESZ_Onkoltseg_szamitasi_szabalyzata_20250401_.pdf\">Megtekint\u00e9shez klikkeljen ide!<\/a><\/p>\n\n\n\n<hr class=\"wp-block-separator has-alpha-channel-opacity\"\/>\n\n\n\n<p>Beszerz\u00e9sek lebonyol\u00edt\u00e1sa Szab\u00e1lyzat 2025 &#8211; F\u00f3ti Gazdas\u00e1gi Ell\u00e1t\u00f3 szervezet<\/p>\n\n\n\n<p><a href=\"https:\/\/fotigesz.hu\/wp-content\/uploads\/2025\/05\/Foti_GESZ_Beszerzesek_lebonyolitasanak_szabalyzata_20250401_.pdf\">Megtekint\u00e9shez klikkeljen ide!<\/a><\/p>\n\n\n\n<hr class=\"wp-block-separator has-alpha-channel-opacity\"\/>\n\n\n\n<p>Felelsleges vagyont\u00e1rgyak hasznos\u00edt\u00e1sa \u00e9s selejtez\u00e9se Szab\u00e1lyzat &#8211; F\u00f3ti Gazdas\u00e1gi Ell\u00e1t\u00f3 szervezet<\/p>\n\n\n\n<p><a href=\"https:\/\/fotigesz.hu\/wp-content\/uploads\/2025\/05\/Foti_GESZ_Felesleges_vagyontargyak_hasznositasanak_selejtezesenek_szabalyzata_20250401_.pdf\">Megtekint\u00e9shez klikkeljen ide!<\/a><\/p>\n\n\n\n<hr class=\"wp-block-separator has-alpha-channel-opacity\"\/>\n\n\n\n<p>T\u00f6rzskonyvi kivonat &#8211; F\u00f3ti Gazdas\u00e1gi Ell\u00e1t\u00f3 szervezet<\/p>\n\n\n\n<p><a href=\"https:\/\/fotigesz.hu\/wp-content\/uploads\/2026\/01\/Torzskonyvi-kivonat-\u2013-Foti-Gazdasagi-Ellato-szervezet.pdf\">Megtekint\u00e9shez klikkeljen ide!<\/a><\/p>\n\n\n\n<hr class=\"wp-block-separator has-alpha-channel-opacity\"\/>\n\n\n\n<p>Adatv\u00e9delmi \u00e9s adatbiztons\u00e1gi Szab\u00e1lyzat &#8211; F\u00f3ti Gazdas\u00e1gi Ell\u00e1t\u00f3 szervezet<\/p>\n\n\n\n<p><a href=\"https:\/\/fotigesz.hu\/wp-content\/uploads\/2023\/04\/Adatvedelmi-es-adatbiztonsagi-szabalyzat-2019.pdf\">Megtekint\u00e9shez klikkeljen ide!<\/a><\/p>\n\n\n\n<hr class=\"wp-block-separator has-alpha-channel-opacity\"\/>\n\n\n\n<p>Anyag \u00e9s eszk\u00f6zgazd\u00e1lkod\u00e1si szab\u00e1lyzat 2023- F\u00f3ti Gazdas\u00e1gi Ell\u00e1t\u00f3 szervezet<\/p>\n\n\n\n<p><a href=\"https:\/\/fotigesz.hu\/wp-content\/uploads\/2025\/05\/Foti_GESZ_Anyag_es_eszkozgazdalkodas_szv_politikaban_nem_szabalyozott_kerdesei.pdf\">Megtekint\u00e9shez klikkeljen ide!<\/a><\/p>\n\n\n\n<hr class=\"wp-block-separator has-alpha-channel-opacity\"\/>\n\n\n\n<p>Cafet\u00e9ria szab\u00e1lyzat 2025 &#8211; F\u00f3ti Gazdas\u00e1gi Ell\u00e1t\u00f3 szervezet<\/p>\n\n\n\n<p><a href=\"https:\/\/fotigesz.hu\/wp-content\/uploads\/2025\/05\/Foti_GESZ_Cafeteria-szabalyzat.pdf\">Megtekint\u00e9shez klikkeljen ide!<\/a><\/p>\n\n\n\n<hr class=\"wp-block-separator has-alpha-channel-opacity\"\/>\n\n\n\n<p>G\u00e9pj\u00e1rm\u0171vek haszn\u00e1lat\u00e1nak szab\u00e1lyzata 2023- F\u00f3ti Gazdas\u00e1gi Ell\u00e1t\u00f3 szervezet<\/p>\n\n\n\n<p><a href=\"https:\/\/fotigesz.hu\/wp-content\/uploads\/2025\/05\/Foti_GESZ_Gepjarmuvek_igenybevetelenek_szabalyzata_.pdf\">Megtekint\u00e9shez klikkeljen ide!<\/a><\/p>\n\n\n\n<hr class=\"wp-block-separator has-alpha-channel-opacity\"\/>\n\n\n\n<p>K\u00f6z\u00e9rdek\u0171 adatok megismer\u00e9s\u00e9re &#8230;. szab\u00e1lyzat 2021- F\u00f3ti Gazdas\u00e1gi Ell\u00e1t\u00f3 szervezet<\/p>\n\n\n\n<p><a href=\"https:\/\/fotigesz.hu\/wp-content\/uploads\/2023\/04\/GESZ-2021-Kozerdeku-adatok-megismeresere-.-szabalyzat.pdf\">Megtekint\u00e9shez klikkeljen ide!<\/a><\/p>\n\n\n\n<hr class=\"wp-block-separator has-alpha-channel-opacity\"\/>\n\n\n\n<p>Telefonok haszn\u00e1lat\u00e1nak szab\u00e1lyzata &#8211; F\u00f3ti Gazdas\u00e1gi Ell\u00e1t\u00f3 szervezet<\/p>\n\n\n\n<p><a href=\"https:\/\/fotigesz.hu\/wp-content\/uploads\/2025\/05\/Foti_GESZ_Vezetekes_es_mobiltelefonok_hasznalatalanak_szabalyzata_.pdf\">Megtekint\u00e9shez klikkeljen ide!<\/a><\/p>\n\n\n\n<hr class=\"wp-block-separator has-alpha-channel-opacity\"\/>\n","protected":false},"excerpt":{"rendered":"<p>Szervezeti \u00e9s M\u0171k\u00f6d\u00e9si Szab\u00e1lyzat &#8211; F\u00f3ti Gazdas\u00e1gi Ell\u00e1t\u00f3 szervezet Megtekint\u00e9shez klikkeljen ide! Gazd\u00e1lkod\u00e1si Szab\u00e1lyzat 2025 &#8211; F\u00f3ti Gazdas\u00e1gi Ell\u00e1t\u00f3 szervezet Megtekint\u00e9shez klikkeljen ide! Sz\u00e1mviteli politika 2025 &#8211; F\u00f3ti Gazdas\u00e1gi Ell\u00e1t\u00f3 szervezet Megtekint\u00e9shez klikkeljen ide! Sz\u00e1mlarend 2025 &#8211; F\u00f3ti Gazdas\u00e1gi Ell\u00e1t\u00f3 szervezet Megtekint\u00e9shez klikkeljen ide! P\u00e9nzkezel\u00e9si szab\u00e1lyzat 2025 &#8211; F\u00f3ti Gazdas\u00e1gi Ell\u00e1t\u00f3 szervezet Megtekint\u00e9shez klikkeljen ide! [&hellip;]<\/p>\n","protected":false},"author":1,"featured_media":0,"parent":0,"menu_order":0,"comment_status":"closed","ping_status":"closed","template":"","meta":{"footnotes":""},"class_list":["post-14","page","type-page","status-publish","hentry","post-preview"],"_links":{"self":[{"href":"https:\/\/fotigesz.hu\/index.php?rest_route=\/wp\/v2\/pages\/14","targetHints":{"allow":["GET"]}}],"collection":[{"href":"https:\/\/fotigesz.hu\/index.php?rest_route=\/wp\/v2\/pages"}],"about":[{"href":"https:\/\/fotigesz.hu\/index.php?rest_route=\/wp\/v2\/types\/page"}],"author":[{"embeddable":true,"href":"https:\/\/fotigesz.hu\/index.php?rest_route=\/wp\/v2\/users\/1"}],"replies":[{"embeddable":true,"href":"https:\/\/fotigesz.hu\/index.php?rest_route=%2Fwp%2Fv2%2Fcomments&post=14"}],"version-history":[{"count":30,"href":"https:\/\/fotigesz.hu\/index.php?rest_route=\/wp\/v2\/pages\/14\/revisions"}],"predecessor-version":[{"id":501,"href":"https:\/\/fotigesz.hu\/index.php?rest_route=\/wp\/v2\/pages\/14\/revisions\/501"}],"wp:attachment":[{"href":"https:\/\/fotigesz.hu\/index.php?rest_route=%2Fwp%2Fv2%2Fmedia&parent=14"}],"curies":[{"name":"wp","href":"https:\/\/api.w.org\/{rel}","templated":true}]}}

Szabályzatok

<p>Szervezeti és Működési Szabályzat &#8211; Fóti Gazdasági Ellátó szervezet</p>



<p><a href="https://fotigesz.hu/wp-content/uploads/2026/01/Szervezeti-es-Mukodesi-Szabalyzat-–-Foti-Gazdasagi-Ellato-szervezet.pdf">Megtekintéshez klikkeljen ide!</a></p>



<hr class="wp-block-separator has-alpha-channel-opacity"/>



<p>Gazdálkodási Szabályzat 2025 &#8211; Fóti Gazdasági Ellátó szervezet</p>



<p><a href="https://fotigesz.hu/wp-content/uploads/2025/05/Foti_GESZ_Gazdalkodasi_szabalyzata_20250401_.pdf">Megtekintéshez klikkeljen ide!</a></p>



<hr class="wp-block-separator has-alpha-channel-opacity"/>



<p>Számviteli politika 2025 &#8211; Fóti Gazdasági Ellátó szervezet</p>



<p><a href="https://fotigesz.hu/wp-content/uploads/2026/01/Szamviteli-politika-2025-–-Foti-Gazdasagi-Ellato-szervezet.pdf">Megtekintéshez klikkeljen ide!</a></p>



<hr class="wp-block-separator has-alpha-channel-opacity"/>



<p>Számlarend 2025 &#8211; Fóti Gazdasági Ellátó szervezet</p>



<p><a href="https://fotigesz.hu/wp-content/uploads/2025/05/Foti_GESZ_Szamlarend_20250401_.pdf">Megtekintéshez klikkeljen ide!</a></p>



<hr class="wp-block-separator has-alpha-channel-opacity"/>



<p>Pénzkezelési szabályzat 2025 &#8211; Fóti Gazdasági Ellátó szervezet</p>



<p><a href="https://fotigesz.hu/wp-content/uploads/2025/05/Foti_GESZ_Penzkezelesi_szabalyzata_20250401_.pdf">Megtekintéshez klikkeljen ide!</a></p>



<hr class="wp-block-separator has-alpha-channel-opacity"/>



<p>Leltározási Szabályzat 2025 &#8211; Fóti Gazdasági Ellátó szervezet</p>



<p><a href="https://fotigesz.hu/wp-content/uploads/2025/05/Foti_GESZ_Eszkozok_es_forrasok_leltarozasi_es_leltarkeszitesi_szabalyzata_20250401_.pdf">Megtekintéshez klikkeljen ide!</a></p>



<hr class="wp-block-separator has-alpha-channel-opacity"/>



<p>Eszközök és források értékelési szabályzat 2025&nbsp;&#8211; Fóti Gazdasági Ellátó szervezet</p>



<p><a href="https://fotigesz.hu/wp-content/uploads/2026/01/Eszkozok-es-forrasok-ertekelesi-szabalyzat-2025-–-Foti-Gazdasagi-Ellato-szervezet.pdf">Megtekintéshez klikkeljen ide!</a></p>



<hr class="wp-block-separator has-alpha-channel-opacity"/>



<p>Önkoltségszámítási&nbsp;Szabályzat&nbsp;2025 &#8211; Fóti Gazdasági Ellátó szervezet</p>



<p><a href="https://fotigesz.hu/wp-content/uploads/2025/05/Foti_GESZ_Onkoltseg_szamitasi_szabalyzata_20250401_.pdf">Megtekintéshez klikkeljen ide!</a></p>



<hr class="wp-block-separator has-alpha-channel-opacity"/>



<p>Beszerzések lebonyolítása Szabályzat 2025 &#8211; Fóti Gazdasági Ellátó szervezet</p>



<p><a href="https://fotigesz.hu/wp-content/uploads/2025/05/Foti_GESZ_Beszerzesek_lebonyolitasanak_szabalyzata_20250401_.pdf">Megtekintéshez klikkeljen ide!</a></p>



<hr class="wp-block-separator has-alpha-channel-opacity"/>



<p>Felelsleges vagyontárgyak hasznosítása és selejtezése Szabályzat &#8211; Fóti Gazdasági Ellátó szervezet</p>



<p><a href="https://fotigesz.hu/wp-content/uploads/2025/05/Foti_GESZ_Felesleges_vagyontargyak_hasznositasanak_selejtezesenek_szabalyzata_20250401_.pdf">Megtekintéshez klikkeljen ide!</a></p>



<hr class="wp-block-separator has-alpha-channel-opacity"/>



<p>Törzskonyvi kivonat &#8211; Fóti Gazdasági Ellátó szervezet</p>



<p><a href="https://fotigesz.hu/wp-content/uploads/2026/01/Torzskonyvi-kivonat-–-Foti-Gazdasagi-Ellato-szervezet.pdf">Megtekintéshez klikkeljen ide!</a></p>



<hr class="wp-block-separator has-alpha-channel-opacity"/>



<p>Adatvédelmi és adatbiztonsági Szabályzat &#8211; Fóti Gazdasági Ellátó szervezet</p>



<p><a href="https://fotigesz.hu/wp-content/uploads/2023/04/Adatvedelmi-es-adatbiztonsagi-szabalyzat-2019.pdf">Megtekintéshez klikkeljen ide!</a></p>



<hr class="wp-block-separator has-alpha-channel-opacity"/>



<p>Anyag és eszközgazdálkodási szabályzat 2023- Fóti Gazdasági Ellátó szervezet</p>



<p><a href="https://fotigesz.hu/wp-content/uploads/2025/05/Foti_GESZ_Anyag_es_eszkozgazdalkodas_szv_politikaban_nem_szabalyozott_kerdesei.pdf">Megtekintéshez klikkeljen ide!</a></p>



<hr class="wp-block-separator has-alpha-channel-opacity"/>



<p>Cafetéria szabályzat 2025 &#8211; Fóti Gazdasági Ellátó szervezet</p>



<p><a href="https://fotigesz.hu/wp-content/uploads/2025/05/Foti_GESZ_Cafeteria-szabalyzat.pdf">Megtekintéshez klikkeljen ide!</a></p>



<hr class="wp-block-separator has-alpha-channel-opacity"/>



<p>Gépjárművek használatának szabályzata 2023- Fóti Gazdasági Ellátó szervezet</p>



<p><a href="https://fotigesz.hu/wp-content/uploads/2025/05/Foti_GESZ_Gepjarmuvek_igenybevetelenek_szabalyzata_.pdf">Megtekintéshez klikkeljen ide!</a></p>



<hr class="wp-block-separator has-alpha-channel-opacity"/>



<p>Közérdekű adatok megismerésére &#8230;. szabályzat 2021- Fóti Gazdasági Ellátó szervezet</p>



<p><a href="https://fotigesz.hu/wp-content/uploads/2023/04/GESZ-2021-Kozerdeku-adatok-megismeresere-.-szabalyzat.pdf">Megtekintéshez klikkeljen ide!</a></p>



<hr class="wp-block-separator has-alpha-channel-opacity"/>



<p>Telefonok használatának szabályzata &#8211; Fóti Gazdasági Ellátó szervezet</p>



<p><a href="https://fotigesz.hu/wp-content/uploads/2025/05/Foti_GESZ_Vezetekes_es_mobiltelefonok_hasznalatalanak_szabalyzata_.pdf">Megtekintéshez klikkeljen ide!</a></p>



<hr class="wp-block-separator has-alpha-channel-opacity"/>

<p>Szervezeti és Működési Szabályzat &#8211; Fóti Gazdasági Ellátó szervezet Megtekintéshez klikkeljen ide! Gazdálkodási Szabályzat 2025 &#8211; Fóti Gazdasági Ellátó szervezet Megtekintéshez klikkeljen ide! Számviteli politika 2025 &#8211; Fóti Gazdasági Ellátó szervezet Megtekintéshez klikkeljen ide! Számlarend 2025 &#8211; Fóti Gazdasági Ellátó szervezet Megtekintéshez klikkeljen ide! Pénzkezelési szabályzat 2025 &#8211; Fóti Gazdasági Ellátó szervezet Megtekintéshez klikkeljen ide! [&hellip;]</p>
