{"id":12,"date":"2023-03-23T11:58:21","date_gmt":"2023-03-23T10:58:21","guid":{"rendered":"https:\/\/fotigesz.hu\/?page_id=12"},"modified":"2026-02-10T15:33:03","modified_gmt":"2026-02-10T14:33:03","slug":"elerhetosegek","status":"publish","type":"page","link":"https:\/\/fotigesz.hu\/?page_id=12","title":{"rendered":"El\u00e9rhet\u0151s\u00e9gek"},"content":{"rendered":"\n<figure class=\"wp-block-table\"><table class=\"has-fixed-layout\"><tbody><tr><\/tr><tr><td>F\u00f3ti Gazdas\u00e1gi Ell\u00e1t\u00f3 Szervezet <br>2151 F\u00f3t D\u00f3zsa Gy\u00f6rgy \u00fat 12-14&nbsp;<br><br>Telefon: 27\/358-831<br>Fax: 27\/358-831\/14.sz mell\u00e9k<\/td><\/tr><tr><td>&nbsp;<\/td><td class=\"has-text-align-left\" data-align=\"left\">Telefonsz\u00e1mok<\/td><td>&nbsp;Email c\u00edm<\/td><\/tr><tr><td><strong>Igazgat\u00f3<\/strong><\/td><td class=\"has-text-align-left\" data-align=\"left\">27\/358-831\/11<\/td><td>&nbsp;<\/td><\/tr><tr><td>V\u00e9rten Imre<\/td><td class=\"has-text-align-left\" data-align=\"left\">30\/248-9595<\/td><td><a href=\"mailto:ig.fotigesz@gmail.com\">ig.fotigesz<\/a><br><a href=\"mailto:ig.fotigesz@gmail.com\">@gmail.com<\/a><\/td><\/tr><tr><td><strong>Gazdas\u00e1gi Vezet\u0151<\/strong><\/td><td class=\"has-text-align-left\" data-align=\"left\">27\/358-831\/12<\/td><td>&nbsp;<\/td><\/tr><tr><td>Kov\u00e1cs P\u00e1l Zolt\u00e1nn\u00e9 Bihari Andrea<\/td><td class=\"has-text-align-left\" data-align=\"left\">70\/331-8890<\/td><td><a href=\"mailto:gazdvez.fotigesz@gmail.com\">gazdvez.fotigesz<\/a><br><a href=\"mailto:gazdvez.fotigesz@gmail.com\">@gmail.com<\/a><\/td><\/tr><tr><td><strong>B\u00e9r- \u00e9s Munka\u00fcgyi&nbsp;f\u0151el\u0151ad\u00f3<\/strong><\/td><td class=\"has-text-align-left\" data-align=\"left\">27\/358-831\/12<\/td><td>&nbsp;<\/td><\/tr><tr><td>T\u00f6r\u00f6kn\u00e9 Szir\u00e1ki Katalin<\/td><td class=\"has-text-align-left\" data-align=\"left\">70\/331-8686<\/td><td><a href=\"mailto:munkaugy.fotigesz@gmail.com\">munkaugy.fotigesz<\/a><br><a href=\"mailto:munkaugy.fotigesz@gmail.com\">@gmail.com<\/a>&nbsp;<\/td><\/tr><tr><td><strong>P\u00e9nz\u00fcgyi &#8211; sz\u00e1mviteli f\u0151el\u0151ad\u00f3<\/strong><\/td><td class=\"has-text-align-left\" data-align=\"left\">&nbsp;<\/td><td>&nbsp;<\/td><\/tr><tr><td>Kar\u00e1csonyn\u00e9 Felkai D\u00f3ra<br><br>Sass-Jancs\u00f3 Nikolett<\/td><td class=\"has-text-align-left\" data-align=\"left\">70\/411-4757<br><br><br>70\/337-3133<\/td><td><a href=\"mailto:penzugy.fotigesz@gmail.com\">penzugy.fotigesz<\/a><br><a href=\"mailto:penzugy.fotigesz@gmail.com\">@gmail.com<\/a>&nbsp;<\/td><\/tr><tr><td><strong>P\u00e9nzt\u00e1ros, k\u00f6nyvel\u0151<\/strong><\/td><td class=\"has-text-align-left\" data-align=\"left\">&nbsp;<\/td><td><\/td><\/tr><tr><td>De\u00e1k Szilvia<\/td><td class=\"has-text-align-left\" data-align=\"left\">70\/337-2400<\/td><td><a href=\"mailto:penztar.fotigesz@gmail.com\">penztar.fotigesz<\/a><br><a href=\"mailto:penztar.fotigesz@gmail.com\">@gmail.com<\/a>&nbsp;<\/td><\/tr><tr><td><strong>P\u00e9nz\u00fcgyi &#8211; Vagyongazd\u00e1lkod\u00e1si f\u0151el\u0151ad\u00f3<\/strong><\/td><td class=\"has-text-align-left\" data-align=\"left\">&nbsp;<\/td><td><\/td><\/tr><tr><td>dr. Ritzl-Gergely Kitti<\/td><td class=\"has-text-align-left\" data-align=\"left\">70\/411-8222<\/td><td><a href=\"mailto:konyveles.fotigesz@gmail.com\">konyveles.fotigesz<\/a><br><a href=\"mailto:konyveles.fotigesz@gmail.com\">@gmail.com<\/a>&nbsp;<\/td><\/tr><tr><td><strong>\u00c9lelmez\u00e9s vezet\u0151<\/strong><\/td><td class=\"has-text-align-left\" data-align=\"left\">&nbsp;<\/td><td><\/td><\/tr><tr><td>Odor G\u00e1bor<\/td><td class=\"has-text-align-left\" data-align=\"left\">70\/373-9447<\/td><td><a href=\"mailto:konyha.fotigesz@gmail.com\">konyha.fotigesz<\/a><br><a href=\"mailto:konyha.fotigesz@gmail.com\">@gmail.com<\/a>&nbsp;<\/td><\/tr><tr><td><strong>Adminisztr\u00e1tor<\/strong><\/td><td class=\"has-text-align-left\" data-align=\"left\">&nbsp;<\/td><td><\/td><\/tr><tr><td>Szab\u00f3 Fanni<\/td><td class=\"has-text-align-left\" data-align=\"left\">70\/411-7500<\/td><td><a href=\"mailto:konyha.fotigesz@gmail.com\">konyha.fotigesz<\/a><br><a href=\"mailto:konyha.fotigesz@gmail.com\">@gmail.com<\/a>&nbsp;<\/td><\/tr><tr><td><strong>K\u00f6z\u00e9tkeztet\u00e9si \u00fcgyint\u00e9z\u0151<\/strong> <strong>(p\u00e9nz\u00fcgyi)<\/strong><\/td><td class=\"has-text-align-left\" data-align=\"left\"><\/td><td>&nbsp;<\/td><\/tr><tr><td>Csipesn\u00e9 K\u00f3kai Zsuzsanna<br><br><br>Marton Erzs\u00e9bet<\/td><td class=\"has-text-align-left\" data-align=\"left\">70\/331-7058 <br><br><br><br>70\/666-5002<\/td><td><br><br><a href=\"mailto:kozetkeztetes.fotigesz@gmail.com\">kozetkeztetes.fotigesz@gmail.com<\/a><br><br><\/td><\/tr><tr><td><strong>M\u0171szaki Vagyongazd\u00e1lkod\u00e1si f\u0151el\u0151ad\u00f3<\/strong><\/td><td class=\"has-text-align-left\" data-align=\"left\">&nbsp;<\/td><td><\/td><\/tr><tr><td>N\u00e9meth Istv\u00e1n<\/td><td class=\"has-text-align-left\" data-align=\"left\">70\/331-8711<\/td><td><a href=\"mailto:geszmuszaki@gmail.com\">geszmuszaki<\/a><br><a href=\"mailto:geszmuszaki@gmail.com\">@gmail.com<\/a><\/td><\/tr><tr><td><strong>F\u00f3ti F\u00e1y Iskola Konyha dolgoz\u00f3k&nbsp;<\/strong><\/td><td class=\"has-text-align-left\" data-align=\"left\">70\/770-7231<br><\/td><td><\/td><\/tr><tr><td><strong>F\u00f3ti Garay Iskola Konyha dolgoz\u00f3k:<\/strong><\/td><td class=\"has-text-align-left\" data-align=\"left\">70\/433-2411<\/td><td><\/td><\/tr><tr><td><strong>N\u00e9meth K\u00e1lm\u00e1n Iskola Konyha dolgoz\u00f3k:<\/strong><\/td><td class=\"has-text-align-left\" data-align=\"left\">&nbsp;<br>27\/358-036<\/td><td><\/td><\/tr><\/tbody><\/table><\/figure>\n","protected":false},"excerpt":{"rendered":"<p>F\u00f3ti Gazdas\u00e1gi Ell\u00e1t\u00f3 Szervezet 2151 F\u00f3t D\u00f3zsa Gy\u00f6rgy \u00fat 12-14&nbsp; Telefon: 27\/358-831Fax: 27\/358-831\/14.sz mell\u00e9k &nbsp; Telefonsz\u00e1mok &nbsp;Email c\u00edm Igazgat\u00f3 27\/358-831\/11 &nbsp; V\u00e9rten Imre 30\/248-9595 ig.fotigesz@gmail.com Gazdas\u00e1gi Vezet\u0151 27\/358-831\/12 &nbsp; Kov\u00e1cs P\u00e1l Zolt\u00e1nn\u00e9 Bihari Andrea 70\/331-8890 gazdvez.fotigesz@gmail.com B\u00e9r- \u00e9s Munka\u00fcgyi&nbsp;f\u0151el\u0151ad\u00f3 27\/358-831\/12 &nbsp; T\u00f6r\u00f6kn\u00e9 Szir\u00e1ki Katalin 70\/331-8686 munkaugy.fotigesz@gmail.com&nbsp; P\u00e9nz\u00fcgyi &#8211; sz\u00e1mviteli f\u0151el\u0151ad\u00f3 &nbsp; &nbsp; Kar\u00e1csonyn\u00e9 Felkai D\u00f3ra [&hellip;]<\/p>\n","protected":false},"author":1,"featured_media":0,"parent":0,"menu_order":0,"comment_status":"closed","ping_status":"closed","template":"","meta":{"footnotes":""},"class_list":["post-12","page","type-page","status-publish","hentry","post-preview"],"_links":{"self":[{"href":"https:\/\/fotigesz.hu\/index.php?rest_route=\/wp\/v2\/pages\/12","targetHints":{"allow":["GET"]}}],"collection":[{"href":"https:\/\/fotigesz.hu\/index.php?rest_route=\/wp\/v2\/pages"}],"about":[{"href":"https:\/\/fotigesz.hu\/index.php?rest_route=\/wp\/v2\/types\/page"}],"author":[{"embeddable":true,"href":"https:\/\/fotigesz.hu\/index.php?rest_route=\/wp\/v2\/users\/1"}],"replies":[{"embeddable":true,"href":"https:\/\/fotigesz.hu\/index.php?rest_route=%2Fwp%2Fv2%2Fcomments&post=12"}],"version-history":[{"count":11,"href":"https:\/\/fotigesz.hu\/index.php?rest_route=\/wp\/v2\/pages\/12\/revisions"}],"predecessor-version":[{"id":530,"href":"https:\/\/fotigesz.hu\/index.php?rest_route=\/wp\/v2\/pages\/12\/revisions\/530"}],"wp:attachment":[{"href":"https:\/\/fotigesz.hu\/index.php?rest_route=%2Fwp%2Fv2%2Fmedia&parent=12"}],"curies":[{"name":"wp","href":"https:\/\/api.w.org\/{rel}","templated":true}]}}